hat is the hundreds digit of c?
7
Suppose -14*t + 84502 + 8906 = 0. What is the units digit of t?
2
Suppose -c + 4*f - 467 = -0*c, 0 = 4*c - 2*f + 1854. Let w = c - -740. What is the tens digit of w?
7
Let g be (8 + -14)/(7 + -3 - 2). What is the units digit of -921*g*(-1)/(-3)?
1
Let k = -170 - -77. Let s = 149 - k. What is the hundreds digit of s?
2
Suppose p - 34633 = 5*u, 207*p = 206*p - 4*u + 34579. What is the thousands digit of p?
4
Let s = -2711 + 3859. Let t = -10738 - -10738. Suppose -4*g + 11*g - s = t. What is the tens digit of g?
6
Let w(y) be the third derivative of -7*y**4/12 - y**3/3 - 5*y**2 - y. What is the tens digit of w(-4)?
5
Let s(l) = l**3 - l**2 - 3*l + 114. Suppose 0 = -0*g - 4*g - 3*t - 15, 4*g + 5 = -t. Suppose g*k - 4*k = -6*k. What is the tens digit of s(k)?
1
What is the ten thousands digit of (-4 + 4 + 5)/(0 + 1) - -13419?
1
Let t be -1 - ((-2 - -3) + -6). Suppose 5*w = 5*v, 5*w - 8 - t = 2*v. Let r(d) = 2*d**2 - 7*d + 23. What is the units digit of r(w)?
7
Suppose -y - 13 = -t + 2, 30 = 4*t + 2*y. Suppose t*g = 52*g - 34860. What is the tens digit of g?
3
Let f(v) = -v**3 - 6*v**2 + 7*v - 14. Let t be f(-7). Let a be t/(-21)*(3 - 0). Suppose 2*c = -4*p + 186, a*c - 74 = p + 112. What is the tens digit of c?
9
Suppose -2649*o + 2654*o - 97500 = 0. What is the tens digit of o?
0
Suppose -143*h = -89*h - 807624. What is the units digit of h?
6
Suppose -2*d = n - 2644, 0*d - 3*n = -3*d + 3948. Suppose -4*m + 3*a + 1324 = 0, -7*m + 3*m + 4*a + d = 0. What is the hundreds digit of m?
3
Let c = 44336 - 16698. What is the ten thousands digit of c?
2
Let q = -15 - -51. Let j = -34 + q. Suppose v - 3*v - 30 = -j*a, 2*a = v + 29. What is the units digit of a?
4
Suppose 886 = 26*u + 7542. Let r = 65 - u. What is the units digit of r?
1
Let o = -16367 + 29251. What is the thousands digit of o?
2
Let c be (-46 + 45)/(2/2364). Let d = -733 - c. What is the hundreds digit of d?
4
Let t = 61 + -54. Suppose 0*m - 19 = 4*m - 3*n, 0 = -3*m - 2*n + t. What is the tens digit of (-438)/(-12)*((-1)/m + 1)?
7
Let b = 80 - 63. Suppose 5*y + 5*s = 4235, -b*s = -4*y - 12*s + 3352. What is the tens digit of y?
4
Let m(l) = 2*l**2 - l. Let q be m(2). Let u(d) = 71*d - 21. Let f be u(q). Suppose -4*y = y - f. What is the units digit of y?
1
Suppose 6077 = -93*m + 34*m. Suppose 0 = 4*c - 116 - 640. Let z = c + m. What is the tens digit of z?
8
Suppose 9*b - 16*b = 14. Let c(h) = -94*h**3 - 9*h**2 - 11*h - 1. What is the tens digit of c(b)?
3
Let w be (8 - 6)*(6 + 1 + -2). Suppose -10828 = -w*r - 2428. What is the tens digit of r?
4
Suppose 19*s - 179446 - 221696 = -11129. What is the hundreds digit of s?
5
Suppose -17*o = -19*o + 1328. Let i = o + -450. What is the units digit of i?
4
Let t(i) = -891*i**3 - 14*i**2 - 24*i + 21. What is the tens digit of t(-4)?
1
Suppose 817 - 812 = f. Suppose -2617 - 1433 = -f*j. What is the hundreds digit of j?
8
Let d(o) = 3459*o**2 + 32*o. What is the units digit of d(-5)?
5
Let t(h) = 1987*h + 259. What is the hundreds digit of t(2)?
2
Let a(g) = 110*g + 66. Let x be a(-6). Let d = -236 - x. What is the units digit of d?
8
Let b(m) = -16*m + 85. Let t be b(11). Let s = t + 202. What is the units digit of s?
1
Suppose 416 = 14*h - 3210. What is the hundreds digit of 4/4*h - 2?
2
Let m be ((-11)/(-2))/(13 + (-135)/10). What is the hundreds digit of m + 3 - (5 - 1701)?
6
Suppose j + 167 = -2*z, -j = 3*j + z + 696. Let x be 6/9 - 3628/(-12). Let o = x + j. What is the hundreds digit of o?
1
Let s = 10168 - 5626. What is the hundreds digit of s?
5
What is the units digit of 19/(-6) - -3 - ((-263380)/24 + -3)?
7
Suppose 0 = -j - 2*r - r - 10, -4*j + r = -12. Let p(v) = 43*v - 7. Let y be p(j). Suppose 69 = 4*f - y. What is the tens digit of f?
3
Suppose 0 = -4*q - 5*k + 6*k + 8797, 0 = q - 2*k - 2194. Suppose 639 - q = -7*d. What is the tens digit of d?
2
Let z be (-1)/(-4)*-10*(-28)/(-35). What is the thousands digit of ((-120)/z)/(-12) - 1033*-1?
1
Let o be (30 - 0)/((-12)/(-16)). Suppose 4*b + o = -2*p + 1152, 0 = 2*b + 2*p - 552. What is the units digit of b?
0
Let h = 18662 + -4730. What is the thousands digit of h?
3
Suppose 4*x = 4*m + 92612, -92620 = -12*x + 8*x + 2*m. What is the ten thousands digit of x?
2
Suppose 2*o + z = 10313 - 2513, -2*o + 7796 = 2*z. What is the hundreds digit of o?
9
Let i(c) = 13*c**3 - 2*c**2 + c. Let h(u) = -783 + 0*u + u + u**3 + 782. Let p be h(1). What is the units digit of i(p)?
2
Let d = 12259 - 1265. What is the tens digit of d?
9
Suppose -2*r - 15*q + 12056 = -19813, 0 = -2*r - 3*q + 31953. What is the units digit of r?
7
Let n(w) = w**3 + 9*w**2 - 11*w - 4. Let s be n(-10). What is the hundreds digit of -3 + (-4164)/(-9) + 2/s?
4
Let p(z) = -20. Let x(g) = g - 21. Let q(l) = 5*p(l) - 4*x(l). Let r = -4216 - -4205. What is the units digit of q(r)?
8
Let r = -564 + 1062. Let o = r - 285. What is the units digit of o?
3
Let l(i) = i**2 + 24*i + 66. Let g be l(-18). Let y = 137 + g. What is the units digit of y?
5
Suppose 5*x - 36972 - 15472 = -2*x. What is the tens digit of x?
9
Suppose 6*b - 122318 = -4*n, 4*n + 63*b - 122268 = 67*b. What is the ten thousands digit of n?
3
Let a = 309 + -309. Suppose -4*o + 9*j - 4*j = -1251, a = 4*j - 20. What is the hundreds digit of o?
3
Suppose 0 = 5*d + 4*g - 18343, -8*d + 29332 = -3*g + 7*g. What is the hundreds digit of d?
6
Suppose 27620 = 149*a - 144*a. What is the hundreds digit of a?
5
Suppose 8*q - 51 = 413. Suppose 5*x - 89 = 2*b, -3*b - 33 = -5*x + q. What is the tens digit of x?
1
Let g(l) = -1 + 4*l + 41 + 0*l + 8. Let f be g(0). Suppose -138 = -2*m + f. What is the tens digit of m?
9
What is the tens digit of ((-3649)/(-246) - 15)/((-2)/798612)?
5
Suppose -37080 = 19*m + m. Let q = 3180 + m. What is the units digit of q?
6
Let b be (-1)/(5/(35/7)). What is the tens digit of 0/(-8) - (-1)/(b/(-482))?
8
Let s(p) be the second derivative of -5/12*p**4 + 1/20*p**5 - 6*p**2 + 2/3*p**3 + 0 + 6*p. What is the units digit of s(5)?
8
Suppose 5*n = -15*n + 180. Suppose 8*d = n*d - 206. What is the units digit of d?
6
What is the hundreds digit of 25/(225/418428) + 8/(-8)?
4
Let b(y) be the third derivative of y**6/120 - 7*y**5/60 + y**4/6 + y**3/2 + 54*y**2 - 2. Suppose -3*w + 24 = -0*w. What is the tens digit of b(w)?
9
Suppose -4*j + 4*a + 203 = -j, -5*j = 2*a - 321. What is the units digit of j/20*2*50?
5
Suppose 0 = 31*x - 21530 - 31387. Suppose 7*g + x = 6845. What is the units digit of g?
4
Suppose 43040 = l - 2*m, 2*l - 58496 - 27580 = 2*m. What is the hundreds digit of l?
0
Let o(z) = z**3 + 6*z**2 - 12*z - 67. Let j be o(-6). Suppose 2*c - 5*l - 37 = 866, 474 = c + j*l. What is the tens digit of c?
5
Let y(x) = 290*x**2 - 71*x + 201. What is the tens digit of y(3)?
9
Suppose 219*b = -97*b + 4551032. What is the thousands digit of b?
4
Let b = -17263 + 30591. What is the thousands digit of b?
3
What is the ten thousands digit of 59194898/2936 + (3/(-4) - -1)?
2
Let p(h) = -17*h**3 - 5*h**2 - 53*h - 531. What is the tens digit of p(-10)?
9
Let k be 4/(4/5) - 4. Let s(c) = 115*c**2 + 4*c - 8. Let x(i) = i**2 + i - 1. Let n(f) = k*s(f) - 6*x(f). What is the units digit of n(-1)?
9
Let d = 22016 - 8722. What is the ten thousands digit of d?
1
Let c(d) = -d**3 + d**2 - d + 41. Let u be c(0). Let m be (-2 + u + 1)/((-8)/(-12)). Let f = m + -31. What is the units digit of f?
9
Let o be 14/49 + (-47)/(-7). Suppose -5*n - 30 = 10. What is the units digit of (n + o)/((-2)/154)?
7
Let m(q) be the third derivative of -q**6/72 - 3*q**5/40 - 5*q**4/6 - 20*q**2. Let t(d) be the second derivative of m(d). What is the tens digit of t(-3)?
2
Let p = -8 + 9. Let g be 2*(p - (1 - 2)). What is the tens digit of 82/4 + (-10)/g?
1
Let z = 34268 - 20238. What is the units digit of z?
0
Let p = 1201 - 674. Suppose 508 = 23*j - p. What is the tens digit of j?
4
Let d = -269 + 463. Let m be 5/(-20) + d/8. Suppose -42 = -f + m. What is the tens digit of f?
6
Let b be (1 + (-2)/6)/((-22)/(-33)). Let t(f) = -f**2 + 2. Let a be t(b). What is the units digit of (a - (-80 + 4)) + 0?
7
Suppose -2*y = -f + 6, -4*f + 15*y - 11*y + 20 = 0. Suppose d - 3494 = -5*m + f*d, 0 = 2*m - 3*d - 1394. What is the tens digit of m?
0
What is the thousands digit of